{"id":26,"date":"2015-11-28T23:58:32","date_gmt":"2015-11-28T22:58:32","guid":{"rendered":"http:\/\/neunlive.marcohorn.de\/?page_id=26"},"modified":"2020-05-19T20:12:41","modified_gmt":"2020-05-19T19:12:41","slug":"impressum","status":"publish","type":"page","link":"https:\/\/neun.live\/?page_id=26","title":{"rendered":"Impressum \/ Datenschutz"},"content":{"rendered":"<p align=\"justify\"><img loading=\"lazy\" decoding=\"async\" class=\"size-medium wp-image-4 alignleft\" src=\"http:\/\/neunlive.marcohorn.de\/wp-content\/uploads\/2015\/11\/logo-300x180.jpg\" alt=\"logo\" width=\"300\" height=\"180\" srcset=\"https:\/\/neun.live\/wp-content\/uploads\/2015\/11\/logo-300x180.jpg 300w, https:\/\/neun.live\/wp-content\/uploads\/2015\/11\/logo-1024x614.jpg 1024w, https:\/\/neun.live\/wp-content\/uploads\/2015\/11\/logo.jpg 1772w\" sizes=\"(max-width: 300px) 100vw, 300px\" \/><\/p>\n<p><strong>Neun.Live GbR<\/strong><br \/>\n<span style=\"color: #808080;\">Vertreten durch:<\/span><br \/>\n<span style=\"color: #808080;\">Thomas Abele<\/span><br \/>\n<span style=\"color: #808080;\">Kaiserstr. 57<\/span><br \/>\n<span style=\"color: #808080;\">76646 Bruchsal<br \/>\nkontakt<!-- >@. -->@<!--- >.@ -->neun<!-- @>. -->.live<br \/>\nUSt-IdNr.: DE300976076<br \/>\n<\/span><\/p>\n<hr \/>\n<p style=\"text-align: left;\" align=\"justify\"><em>Vielen Dank an M.Jurukov und <a href=\"http:\/\/www.juergenfranke.net\" target=\"_blank\" rel=\"noopener noreferrer\">J\u00fcrgen Franke (www.juergenfranke.net)<\/a> f\u00fcr das Zurverf\u00fcgungstellen der Bilder f\u00fcr unsere Homepage!<br \/>\nEin weiteres gro\u00dfes Dankesch\u00f6n an <a href=\"http:\/\/www.apedemiemovie.de\" target=\"_blank\" rel=\"noopener noreferrer\">www.apedemiemovie.de<\/a> f\u00fcr die tollen Band-Videos!<br \/>\n<\/em><\/p>\n<hr \/>\n<p align=\"justify\"><span style=\"font-size: 10pt;\"><strong>Haftung f\u00fcr Inhalte <\/strong><\/span><\/p>\n<p align=\"justify\"><span style=\"font-size: 10pt;\">Der Inhalt unserer Seite wurde mit gr\u00f6\u00dfter Sorgfalt erstellt. F\u00fcr die Richtigkeit, Vollst\u00e4ndigkeit und Aktualit\u00e4t der Inhalte k\u00f6nnen wir jedoch keine Gew\u00e4hr \u00fcbernehmen.<\/span><\/p>\n<p align=\"justify\"><span style=\"font-size: 10pt;\">Als Diensteanbieter sind wir gem\u00e4\u00df \u00a7 7 Abs.1 TMG f\u00fcr eigene Inhalte auf diesen Seiten nach den allgemeinen Gesetzen verantwortlich. Nach \u00a7\u00a7 8 bis 10 TMG sind wir als Diensteanbieter jedoch nicht verpflichtet, \u00fcbermittelte oder gespeicherte fremde Informationen zu \u00fcberwachen oder nach Umst\u00e4nden zu forschen, die auf eine rechtswidrige T\u00e4tigkeit hinweisen. Verpflichtungen zur Entfernung oder Sperrung der Nutzung von Informationen nach den allgemeinen Gesetzen bleiben hiervon unber\u00fchrt. Eine diesbez\u00fcgliche Haftung ist jedoch erst ab dem Zeitpunkt der Kenntnis einer konkreten Rechtsverletzung m\u00f6glich. Bei Bekanntwerden von entsprechenden Rechtsverletzungen werden wir diese Inhalte umgehend entfernen.<\/span><\/p>\n<p align=\"justify\"><span style=\"font-size: 10pt;\"><strong>Haftung f\u00fcr Links <\/strong><\/span><\/p>\n<p align=\"justify\"><span style=\"font-size: 10pt;\">Unser Angebot enth\u00e4lt Links zu externen Webseiten Dritter, auf deren Inhalte wir keinen Einfluss haben. Deshalb k\u00f6nnen wir f\u00fcr diese fremden Inhalte auch keine Gew\u00e4hr \u00fcbernehmen. F\u00fcr die Inhalte der verlinkten Seiten ist stets der jeweilige Anbieter oder Betreiber der Seiten verantwortlich. Die verlinkten Seiten wurden zum Zeitpunkt der Verlinkung auf m\u00f6gliche Rechtsverst\u00f6\u00dfe \u00fcberpr\u00fcft. Rechtswidrige Inhalte waren zum Zeitpunkt der Verlinkung nicht erkennbar. Eine permanente inhaltliche Kontrolle der verlinkten Seiten ist jedoch ohne konkrete Anhaltspunkte einer Rechtsverletzung nicht zumutbar. Bei Bekanntwerden von Rechtsverletzungen werden wir derartige Links umgehend entfernen.<\/span><\/p>\n<p align=\"justify\"><span style=\"font-size: 10pt;\"><strong>Urheberrecht <\/strong><\/span><\/p>\n<p align=\"justify\"><span style=\"font-size: 10pt;\">Die Betreiber der Seiten sind bem\u00fcht, stets die Urheberrechte anderer zu beachten bzw. auf selbst erstellte sowie lizenzfreie Werke zur\u00fcckzugreifen.<\/span><\/p>\n<p align=\"justify\"><span style=\"font-size: 10pt;\">Die durch die Seitenbetreiber erstellten Inhalte und Werke auf diesen Seiten unterliegen dem deutschen Urheberrecht. Die Vervielf\u00e4ltigung, Bearbeitung, Verbreitung und jede Art der Verwertung au\u00dferhalb der Grenzen des Urheberrechtes bed\u00fcrfen der schriftlichen Zustimmung des jeweiligen Autors bzw. Erstellers. Downloads und Kopien dieser Seite sind nur f\u00fcr den privaten, nicht kommerziellen Gebrauch gestattet.<br \/>\nSoweit die Inhalte auf dieser Seite nicht vom Betreiber erstellt wurden, werden die Urheberrechte Dritter beachtet. Insbesondere werden Inhalte Dritter als solche gekennzeichnet. Sollten Sie trotzdem auf eine Urheberrechtsverletzung aufmerksam werden, bitten wir um einen entsprechenden Hinweis. Bei Bekanntwerden von Rechtsverletzungen werden wir derartige Inhalte umgehend entfernen.<\/span><\/p>\n<h3 align=\"justify\"><strong>Datenschutzerkl\u00e4rung<\/strong><\/h3>\n<p align=\"justify\"><span style=\"font-size: 10pt;\"><strong>Datenschutz<\/strong><\/span><\/p>\n<p><span style=\"font-size: 10pt;\">Die Betreiber dieser Seiten nehmen den Schutz Ihrer pers\u00f6nlichen Daten sehr ernst. Wir behandeln Ihre personenbezogenen Daten vertraulich und entsprechend der gesetzlichen Datenschutzvorschriften sowie dieser Datenschutzerkl\u00e4rung.<\/span><\/p>\n<p><span style=\"font-size: 10pt;\">Die Nutzung unserer Website ist in der Regel ohne Angabe personenbezogener Daten m\u00f6glich. Soweit auf unseren Seiten personenbezogene Daten (beispielsweise Name, Anschrift oder E-Mail-Adressen) erhoben werden, erfolgt dies, soweit m\u00f6glich, stets auf freiwilliger Basis. Diese Daten werden ohne Ihre ausdr\u00fcckliche Zustimmung nicht an Dritte weitergegeben.<\/span><\/p>\n<p><span style=\"font-size: 10pt;\">Wir weisen darauf hin, dass die Daten\u00fcbertragung im Internet (z.B. bei der Kommunikation per E-Mail) Sicherheitsl\u00fccken aufweisen kann. Ein l\u00fcckenloser Schutz der Daten vor dem Zugriff durch Dritte ist nicht m\u00f6glich.<\/span><\/p>\n<p><span style=\"font-size: 10pt;\"><strong>Widerspruch Werbe-Mails<\/strong><\/span><\/p>\n<p><span style=\"font-size: 10pt;\">Der Nutzung von im Rahmen der Impressumspflicht ver\u00f6ffentlichten Kontaktdaten zur \u00dcbersendung von nicht ausdr\u00fccklich angeforderter Werbung und Informationsmaterialien wird hiermit widersprochen. Die Betreiber der Seiten behalten sich ausdr\u00fccklich rechtliche Schritte im Falle der unverlangten Zusendung von Werbeinformationen, etwa durch Spam-E-Mails, vor.<\/span><\/p>\n<p><span style=\"font-size: 10pt;\"><strong>Kontaktformular<\/strong><\/span><\/p>\n<p><span style=\"font-size: 10pt;\">Wenn Sie uns per Kontaktformular Anfragen zukommen lassen, werden Ihre Angaben aus dem Anfrageformular inklusive der von Ihnen dort angegebenen Kontaktdaten zwecks Bearbeitung der Anfrage und f\u00fcr den Fall von Anschlussfragen bei uns gespeichert. Diese Daten geben wir nicht ohne Ihre Einwilligung weiter.<\/span><\/p>\n<p><span style=\"font-size: 10pt;\"><strong>Recht auf Auskunft, Berichtigung, Sperrung, L\u00f6schung<\/strong><\/span><\/p>\n<p><span style=\"font-size: 10pt;\">Sie haben jederzeit im Rahmen der geltenden gesetzlichen Bestimmungen das Recht auf unentgeltliche Auskunft \u00fcber Ihre gespeicherten personenbezogenen Daten, Herkunft der Daten, deren Empf\u00e4nger und den Zweck der Datenverarbeitung und ggf. ein Recht auf Berichtigung, Sperrung oder L\u00f6schung dieser Daten. Diesbez\u00fcglich und auch zu weiteren Fragen zum Thema personenbezogene Daten k\u00f6nnen Sie sich jederzeit \u00fcber die aufgef\u00fchrten Kontaktm\u00f6glichkeiten an uns wenden.<\/span><\/p>\n<p><span style=\"font-size: 10pt;\"><strong>Widerruf Ihrer Einwilligung zur Datenverarbeitung<\/strong><\/span><\/p>\n<p><span style=\"font-size: 10pt;\">Nur mit Ihrer ausdr\u00fccklichen Einwilligung sind einige Vorg\u00e4nge der Datenverarbeitung m\u00f6glich. Ein Widerruf Ihrer bereits erteilten Einwilligung ist jederzeit m\u00f6glich. F\u00fcr den Widerruf gen\u00fcgt eine formlose Mitteilung per E-Mail. Die Rechtm\u00e4\u00dfigkeit der bis zum Widerruf erfolgten Datenverarbeitung bleibt vom Widerruf unber\u00fchrt.<\/span><\/p>\n<p><span style=\"font-size: 10pt;\"><strong>Recht auf Beschwerde bei der zust\u00e4ndigen Aufsichtsbeh\u00f6rde<\/strong><\/span><\/p>\n<p><span style=\"font-size: 10pt;\">Als Betroffener steht Ihnen im Falle eines datenschutzrechtlichen Versto\u00dfes ein Beschwerderecht bei der zust\u00e4ndigen Aufsichtsbeh\u00f6rde zu. Zust\u00e4ndige Aufsichtsbeh\u00f6rde bez\u00fcglich datenschutzrechtlicher Fragen ist der Landesdatenschutzbeauftragte des Bundeslandes, in dem sich der Sitz unseres Unternehmens befindet. Der folgende Link stellt eine Liste der Datenschutzbeauftragten sowie deren Kontaktdaten bereit: <a href=\"https:\/\/www.bfdi.bund.de\/DE\/Infothek\/Anschriften_Links\/anschriften_links-node.html\" target=\"_blank\" rel=\"noopener noreferrer\">https:\/\/www.bfdi.bund.de\/DE\/Infothek\/Anschriften_Links\/anschriften_links-node.html<\/a>.<\/span><\/p>\n<p><span style=\"font-size: 10pt;\"><strong>Cookies<\/strong><\/span><\/p>\n<p><span style=\"font-size: 10pt;\">Die Internetseiten verwenden teilweise so genannte Cookies. Cookies richten auf Ihrem Rechner keinen Schaden an und enthalten keine Viren. Cookies dienen dazu, unser Angebot nutzerfreundlicher, effektiver und sicherer zu machen. Cookies sind kleine Textdateien, die auf Ihrem Rechner abgelegt werden und die Ihr Browser speichert.<\/span><\/p>\n<p><span style=\"font-size: 10pt;\">Die meisten der von uns verwendeten Cookies sind so genannte \u201eSession-Cookies\u201c. Sie werden nach Ende Ihres Besuchs automatisch gel\u00f6scht. Andere Cookies bleiben auf Ihrem Endger\u00e4t gespeichert, bis Sie diese l\u00f6schen. Diese Cookies erm\u00f6glichen es uns, Ihren Browser beim n\u00e4chsten Besuch wiederzuerkennen.<\/span><\/p>\n<p><span style=\"font-size: 10pt;\">Sie k\u00f6nnen Ihren Browser so einstellen, dass Sie \u00fcber das Setzen von Cookies informiert werden und Cookies nur im Einzelfall erlauben, die Annahme von Cookies f\u00fcr bestimmte F\u00e4lle oder generell ausschlie\u00dfen sowie das automatische L\u00f6schen der Cookies beim Schlie\u00dfen des Browser aktivieren. Bei der Deaktivierung von Cookies kann die Funktionalit\u00e4t dieser Website eingeschr\u00e4nkt sein.<\/span><\/p>\n<p><span style=\"font-size: 10pt;\"><strong>YouTube<\/strong><\/span><\/p>\n<p><span style=\"font-size: 10pt;\">F\u00fcr Integration und Darstellung von Videoinhalten nutzt unsere Website Plugins von YouTube. Anbieter des Videoportals ist die YouTube, LLC, 901 Cherry Ave., San Bruno, CA 94066, USA.<\/span><br \/>\n<span style=\"font-size: 10pt;\"> Bei Aufruf einer Seite mit integriertem YouTube-Plugin wird eine Verbindung zu den Servern von YouTube hergestellt. YouTube erf\u00e4hrt hierdurch, welche unserer Seiten Sie aufgerufen haben.<\/span><br \/>\n<span style=\"font-size: 10pt;\"> YouTube kann Ihr Surfverhalten direkt Ihrem pers\u00f6nlichen Profil zuzuordnen, sollten Sie in Ihrem YouTube Konto eingeloggt sein. Durch vorheriges Ausloggen haben Sie die M\u00f6glichkeit, dies zu unterbinden.<\/span><br \/>\n<span style=\"font-size: 10pt;\"> Die Nutzung von YouTube erfolgt im Interesse einer ansprechenden Darstellung unserer Online-Angebote. Dies stellt ein berechtigtes Interesse im Sinne von Art. 6 Abs. 1 lit. f DSGVO dar.<\/span><br \/>\n<span style=\"font-size: 10pt;\"> Einzelheiten zum Umgang mit Nutzerdaten finden Sie in der Datenschutzerkl\u00e4rung von YouTube unter: <a href=\"https:\/\/www.google.de\/intl\/de\/policies\/privacy\">https:\/\/www.google.de\/intl\/de\/policies\/privacy<\/a>.<\/span><\/p>\n<p><strong><span style=\"font-size: 10pt;\">Facebook<\/span><\/strong><\/p>\n<p><span style=\"font-size: 10pt;\">Unsere Internetseite enth\u00e4lt Plugins von Facebook, 1601 South California Avenue, Palo Alto, CA 94304, USA. Facebook ist ein soziales Netzwerk. Das jeweilige Plugin ist am Logo von Facebook oder dem \u201eGef\u00e4llt-mir-Button\u201c erkennbar. Die Gesamt\u00fcbersicht aller Plugins von Facebook k\u00f6nnen Sie sich unter dem nachfolgenden Link ansehen: <a href=\"http:\/\/developers.facebook.com\/docs\/plugins\">http:\/\/developers.facebook.com\/docs\/plugins<\/a><\/span><br \/>\n<span style=\"font-size: 10pt;\">Sobald Sie unsere Internetseite frequentieren, stellt das Facebook-Plugin zwischen Ihrem Internetbrowser und den Servern von Facebook eine unmittelbare Verbindung her. Auf diesem Weg wird Facebook dar\u00fcber informiert, dass mit Ihrer IP-Adresse unsere Internetseite besucht wurde. F\u00fcr den Fall, dass Sie bei Facebook eingeloggt sein sollten, k\u00f6nnen Sie mittels des \u201eGef\u00e4llt-mir-Buttons\u201c den entsprechenden Inhalt, der sich auf unserer Internetseite befindet, in Ihrem Profil bei Facebook verlinken. Es ist Facebook dann m\u00f6glich, Ihren Besuch unserer Internetseite Ihrem Facebook-Account zuzuordnen. Wir, als Anbieter unserer Internetseite, werden von Facebook nicht \u00fcber den Inhalt der \u00fcbertragenen Daten beziehungsweise der Datennutzung informiert. Unter dem nachfolgenden Link k\u00f6nnen Sie sich weitergehend informieren: <a href=\"http:\/\/de-de.facebook.com\/policy.php\">http:\/\/de-de.facebook.com\/policy.php<\/a><\/span><br \/>\n<span style=\"font-size: 10pt;\">F\u00fcr den Fall, dass Sie Mitglied von Facebook sein sollten, jedoch nicht m\u00f6chten, dass Facebook \u00fcber unsere Internetseite Daten \u00fcber Sie \u00fcbermittelt bekommt und mit Ihren Mitgliedsdaten verbindet, so m\u00fcssen Sie sich, bevor Sie unsere Internetseite aufrufen, bei Facebook ausloggen.<br \/>\n<\/span><span style=\"font-size: 10pt;\"><em>Muster-Datenschutzerkl\u00e4rung von der Flegl Rechtsanw\u00e4lte GmbH<\/em><\/span><\/p>\n<p><span style=\"font-size: 10pt;\"><strong>Server-Log-Dateien<\/strong><\/span><\/p>\n<p><span style=\"font-size: 10pt;\">In Server-Log-Dateien erhebt und speichert der Provider der Website automatisch Informationen, die Ihr Browser automatisch an uns \u00fcbermittelt. Dies sind:<\/span><\/p>\n<ul>\n<li><span style=\"font-size: 10pt;\">Besuchte Seite auf unserer Domain<\/span><\/li>\n<li><span style=\"font-size: 10pt;\">Datum und Uhrzeit der Serveranfrage<\/span><\/li>\n<li><span style=\"font-size: 10pt;\">Browsertyp und Browserversion<\/span><\/li>\n<li><span style=\"font-size: 10pt;\">Verwendetes Betriebssystem<\/span><\/li>\n<li><span style=\"font-size: 10pt;\">Referrer URL<\/span><\/li>\n<li><span style=\"font-size: 10pt;\">Hostname des zugreifenden Rechners<\/span><\/li>\n<li><span style=\"font-size: 10pt;\">IP-Adresse<\/span><\/li>\n<\/ul>\n<p><span style=\"font-size: 10pt;\">Es findet keine Zusammenf\u00fchrung dieser Daten mit anderen Datenquellen statt. Grundlage der Datenverarbeitung bildet Art. 6 Abs. 1 lit. b DSGVO, der die Verarbeitung von Daten zur Erf\u00fcllung eines Vertrags oder vorvertraglicher Ma\u00dfnahmen gestattet.<\/span><\/p>\n<p><span style=\"font-size: 10pt;\">Quelle: <a href=\"https:\/\/www.e-recht24.de\" target=\"_blank\" rel=\"noopener noreferrer\">www.e-recht24.de <\/a>&amp; <a href=\"http:\/\/www.mein-datenschutzbeauftragter.de\" target=\"_blank\" rel=\"noopener noreferrer\">www.mein-datenschutzbeauftragter.de<\/a><\/span><\/p>\n","protected":false},"excerpt":{"rendered":"<p>Neun.Live GbR Vertreten durch: Thomas Abele Kaiserstr. 57 76646 Bruchsal kontakt@neun.live USt-IdNr.: DE300976076 Vielen Dank an M.Jurukov und J\u00fcrgen Franke (www.juergenfranke.net) f\u00fcr das Zurverf\u00fcgungstellen der Bilder f\u00fcr unsere Homepage! Ein&hellip;<a href=\"https:\/\/neun.live\/?page_id=26\" class=\"button\">Weiterlesen <span class=\"screen-reader-text\">Impressum \/ Datenschutz<\/span><\/a><\/p>\n","protected":false},"author":1,"featured_media":0,"parent":0,"menu_order":0,"comment_status":"closed","ping_status":"closed","template":"","meta":{"footnotes":""},"_links":{"self":[{"href":"https:\/\/neun.live\/index.php?rest_route=\/wp\/v2\/pages\/26"}],"collection":[{"href":"https:\/\/neun.live\/index.php?rest_route=\/wp\/v2\/pages"}],"about":[{"href":"https:\/\/neun.live\/index.php?rest_route=\/wp\/v2\/types\/page"}],"author":[{"embeddable":true,"href":"https:\/\/neun.live\/index.php?rest_route=\/wp\/v2\/users\/1"}],"replies":[{"embeddable":true,"href":"https:\/\/neun.live\/index.php?rest_route=%2Fwp%2Fv2%2Fcomments&post=26"}],"version-history":[{"count":25,"href":"https:\/\/neun.live\/index.php?rest_route=\/wp\/v2\/pages\/26\/revisions"}],"predecessor-version":[{"id":492,"href":"https:\/\/neun.live\/index.php?rest_route=\/wp\/v2\/pages\/26\/revisions\/492"}],"wp:attachment":[{"href":"https:\/\/neun.live\/index.php?rest_route=%2Fwp%2Fv2%2Fmedia&parent=26"}],"curies":[{"name":"wp","href":"https:\/\/api.w.org\/{rel}","templated":true}]}}